e greatest common divisor of 14413 and r?
7
Let y(x) = -53*x**3 - 9*x**2 + x - 13. Let r be y(-3). What is the greatest common factor of 46 and r?
46
Suppose 25 + 11 = -k. Let a = 52 + k. Let q = 104 - 64. What is the highest common divisor of a and q?
8
Let j(u) = 3*u**3 + 14*u**2 - 164*u + 207. Let m be j(16). What is the greatest common divisor of 130 and m?
65
Suppose -3*r + 10*p - 7*p + 1242 = 0, -3*r - 5*p + 1178 = 0. Suppose 4*b - 2*z = 64, 3*z = b + 7*z + 2. Calculate the highest common factor of r and b.
14
Let p(u) = 3*u + 158. Let i be p(-5). What is the greatest common factor of i and 88?
11
Suppose h + 3*k = -2*h + 75, 3*k - 50 = -2*h. Suppose 2*w = -3*r + 144, -2*r = -21*w + 19*w + 154. Calculate the greatest common divisor of h and w.
25
Let k be (-8)/(-1 - 1) + (-102 - -1562). Calculate the highest common factor of 3477 and k.
183
Suppose 4*n - 3*p - 243 = -4*p, 3*n - 186 = -2*p. Let t be 16/(1 + (-55)/n). Calculate the highest common divisor of 24 and t.
24
Suppose 0 = m + m - 108. Let r(t) = -5*t**3 + 128*t**2 + 145*t - 2414. Let k be r(26). Calculate the highest common factor of k and m.
2
Let f = 50 - -120. Let o = f - 114. Let r be (-168)/16*o/(-6). Calculate the greatest common divisor of r and 14.
14
Let b(n) = 10*n - 1. Let a be b(5). Let y(s) = -1282*s + 7693. Let x be y(6). What is the highest common factor of a and x?
1
Suppose 10*j = 16*j - 2598. Let i = -417 + j. Calculate the highest common divisor of i and 1.
1
Let x(f) = -f**2 - 33*f + 16. Let u be x(-8). Let i be -36*(7 + u/(-8)). What is the greatest common factor of 40 and i?
40
Let p = -16780 + 18217. What is the greatest common factor of p and 3?
3
Let s(a) = a**3 - 14*a**2 + 9*a + 38. Let k be s(13). Let n(w) = w**3 + 16*w**2 + 2*w - 56. Let c be n(k). What is the greatest common divisor of 28 and c?
28
Let u(o) = -34*o. Let t be u(-10). Suppose -5*m + 15 = -x, -3*x + 70 = 2*x + 4*m. What is the highest common factor of t and x?
10
Let p be (-3)/9 + 83/(-3). Let d = 67 + p. Let y = -10777 - -10790. What is the greatest common divisor of y and d?
13
Let i = 120 + 291. Suppose -3*j - 5*u = -i + 99, -2*j + 2*u + 192 = 0. Suppose 27 = 3*h - 0*h. Calculate the highest common factor of j and h.
9
Suppose 8 = -i + 2*h, 0*h = 3*i + 5*h - 31. Suppose 3*m - 8 = 2*p, 27*m + 3*p = 30*m - 9. Calculate the highest common divisor of m and i.
2
Let h(m) = 18*m + 170. Let l be h(-9). Suppose -33 = -4*w + 2*r - 27, -5*w + l = -3*r. Calculate the greatest common divisor of w and 11.
1
Suppose -4*h = -1 - 15. Suppose -u - 32 = -88. Suppose -13*k = -17*k + u. Calculate the highest common divisor of h and k.
2
Let f = 784 + -780. Suppose -3*z = 6*k - 4*k - 6, 3*k - f = -2*z. Suppose 2*u - 5 = -o, 3*u = -0*u - 4*o. What is the greatest common factor of u and z?
2
Let d(x) = x**2 + 12*x + 12. Let g be d(-11). Suppose f - 9 = -u - 2, f = 5*u + g. Suppose -f*q + 219 = 21. Calculate the greatest common divisor of q and 22.
11
Let h(j) = -106*j - 415. Let m be h(-4). Suppose -5*z - 244 = -4*u - 989, 740 = 5*z - 5*u. Calculate the highest common factor of z and m.
9
Let h(m) = 228*m**2 - 24*m + 1. Let t be h(-1). Let s be 358/8 + 10/8. Calculate the highest common divisor of t and s.
23
Let p = 85 - 122. Let s = p - -44. Suppose s*h = -h + 72. Calculate the highest common divisor of 12 and h.
3
Let z be (3*127 - 0)*(-17)/17. Let v = z + 529. What is the highest common factor of 4 and v?
4
Suppose -384*c + 90 = -382*c. Suppose -15*h = -3*o - 10*h + 79, h + 5 = 0. What is the greatest common factor of c and o?
9
Let z(q) = -15*q - 28. Let m be z(-7). Suppose -8*h + 7*h - m = 0. Let s = h - -125. What is the greatest common factor of s and 32?
16
Let g be (26/(-5))/(2/(-10)). Let h(a) = 3*a**2 + 52*a + 24. Let r be h(-17). Suppose r*z - 722 = 552. Calculate the highest common factor of g and z.
26
Suppose -11*d - 15*d = -38896. What is the greatest common divisor of 132 and d?
44
Let c = -2142 + 2163. Suppose 4*f - 42 = -3*d, -32 = -4*f - 2*d + 8. What is the highest common factor of c and f?
3
Suppose -19*u + 16*u = -5*g - 5967, -u = -g - 1989. What is the highest common factor of 3 and u?
3
Suppose 0 = 3*o + 2*d - 25, 6*o - 3*d + 25 = 8*o. Suppose o*q = 3*z, 3*q - 23 = -3*z + 1. Let n = q - 2. What is the highest common factor of 11 and n?
1
Let q = -24 - -49. Let y(l) = -l**2 - 8*l - 21. Let a be y(-4). Let t be (-2694)/(-12) - a/10. What is the highest common factor of q and t?
25
Suppose 2*m + 5 = h, -3*h - m - 20 = -6*h. Suppose 16256 - 78017 = -519*k. Calculate the highest common divisor of k and h.
7
Let u = -4429 + 4681. Calculate the highest common factor of u and 672.
84
Let y be (-1)/(-6) + 4884/72. Let l be (-32)/(-160) - 44/(-5). Suppose 7*z = l*z - 8. Calculate the highest common factor of y and z.
4
Suppose -4*n + 3*d = -42, -2*d + 713 - 661 = 4*n. Let t be 4/6 + (-788)/(-6). What is the greatest common factor of t and n?
12
Let m = 18092 - 16796. Calculate the highest common divisor of 16 and m.
16
Let z be (-2)/9*-3*51. Let x be -2 + -1 - 12/((-3)/1). Let d be 53/1 - (1 + x). Calculate the greatest common factor of z and d.
17
Let i be -4 + (30 - -4)/(-2 - -4). Suppose -i*k = -17*k + 884. What is the greatest common divisor of k and 13?
13
Let t(b) = 7*b**3 + b**2 - 1. Let a be (-1 - -1) + -39 + 40. Let c be t(a). Calculate the highest common divisor of 6 and c.
1
Let f(y) = 18*y**3 + 67*y**2 - 67*y - 2. Let i be f(1). What is the greatest common factor of i and 7016?
8
Let s(h) = -h**3 - 5*h**2 - 2*h + 14. Let z be s(-4). Let y be 26 + (-18)/z - 3. What is the highest common divisor of y and 170?
10
Let u = 20 - -2. Let q(o) be the first derivative of -o**4/4 - 8*o**3/3 + o**2/2 + 16*o + 3. Let n be q(-9). Calculate the highest common factor of u and n.
22
Suppose d - 2*a - 2134 = 5496, 0 = -3*a + 12. What is the greatest common factor of d and 114?
114
Let n = -2031 + 2681. Calculate the highest common factor of 26 and n.
26
Let t be -3 - (7 - ((-55752)/(-621) + (-4)/(-18))). Calculate the highest common factor of 16 and t.
16
Let v = -586 + 613. Suppose 0 = -5*a + 4*t + 27, -5*a = 3*t - v - 14. Let g(h) = 7*h. Let d be g(3). What is the highest common factor of d and a?
7
Let d = 701 + -687. Let y = 11 + 4. Suppose 5*p - y = -2*c + d, -25 = -2*c - p. Calculate the greatest common factor of 6 and c.
6
Suppose 2*t - 288 = -5*h, 44*h - 474 = -3*t + 47*h. Calculate the greatest common factor of 726 and t.
22
Let y be (1/1)/(3 - 2). Suppose w - y = l + 3, 2*w + l - 8 = 0. Let u be (-4)/3*(4 + -4 + -15). Calculate the highest common divisor of w and u.
4
Let f be (16/7)/2*(-19656)/(-234). Let u(p) = 17*p**3 - 2*p**2 + p. Let x be u(1). What is the highest common factor of x and f?
16
Suppose -3*s - 4*p = -176, -3*p - 35 = -4*s + 183. Let x be ((-7)/((-105)/6))/(3/(-5385)). Let q = x + 732. Calculate the highest common divisor of s and q.
14
Suppose 50*s + 87*s = -227*s + 145600. Calculate the greatest common divisor of 3720 and s.
40
Let f = -515 + 570. Let v(c) = 45*c + 8. Let h be v(3). What is the highest common factor of h and f?
11
Let y(x) = x**2 + x - 28. Let w be y(-6). What is the highest common factor of w and 153?
1
Let h = 30111 - 30101. Calculate the greatest common divisor of 314 and h.
2
Let u = -3225 + 3228. Calculate the highest common factor of 729 and u.
3
Suppose -2*m - 4*n = -304, 123*m = 119*m + 4*n + 560. Let z = -3 + 19. What is the highest common divisor of m and z?
16
Suppose 0 = n + 12*n - 1716. Suppose -112*c + 115*c = n. Calculate the highest common divisor of c and 4.
4
Let p be 4/(-26) - ((-357)/39 + -1). Suppose -p*u + 8*u = -6. Suppose 0 = k + u*k - 4*w - 44, 4*k = -5*w + 44. Calculate the highest common divisor of 55 and k.
11
Suppose 3 = y - 4*l - 5, 0 = 2*y + 3*l - 5. Let h be -336*(13/(-3) + y). Calculate the highest common factor of 14 and h.
14
Suppose 3*j + 40 = 4*g, -4*g + 2*g + 30 = -4*j. Let r = -304 + 423. Calculate the greatest common factor of g and r.
7
Let y(o) = o**3 - 49*o**2 + 2*o - 65. Let u be y(49). Suppose b + 62 = 4*b + 2*l, 92 = 4*b - 2*l. Calculate the highest common factor of b and u.
11
Let c = -438 - -469. Suppose c*p - 40*p + 117 = 0. What is the highest common divisor of p and 208?
13
Let b be 3270/(-21) +